e z(1).
462
Let w(q) = 2691*q + 995673. Give w(-370).
3
Let j(a) = -102*a**2 + 9685*a + 532. What is j(95)?
57
Let z(g) = -4957*g + 69399. Calculate z(14).
1
Let k(y) = 4*y**2 + 10533*y + 146677. Calculate k(-14).
-1
Let b(t) = 3*t**3 + 46*t**2 + 11690*t + 175155. Give b(-15).
30
Let x(a) = 1176*a - 257433. What is x(219)?
111
Let g(o) = 263*o**2 - 523*o + 5. Give g(2).
11
Let p(o) = -o**3 - 48*o**2 + 5*o + 344. Determine p(-48).
104
Let d(t) = t**3 - 121*t**2 + 2212*t - 284714. What is d(122)?
34
Let d(h) = -766*h - 65203. Calculate d(-85).
-93
Let a(s) = 93*s**2 - 3256*s - 1. Calculate a(35).
-36
Let y(w) = -w**2 - 1315*w + 269098. Give y(180).
-2
Let o(b) = 5*b**2 - 4181*b - 54333. Give o(849).
3
Let m(r) = -r**3 + 2*r**2 + 561*r + 2730. Give m(-5).
100
Let z(w) = w**3 - 44*w**2 - 119*w + 559. Determine z(47).
1593
Let l(d) = 2869*d - 13483. Give l(5).
862
Let r(x) = -78*x + 16858. What is r(216)?
10
Let i(o) = -o**2 + 607*o + 4229. Calculate i(-7).
-69
Let w(g) = 1143*g + 156426. Give w(-137).
-165
Let v(g) = -16*g**2 - 2670*g + 275. Calculate v(-167).
-59
Let c(l) = -36783*l - 57970018. What is c(-1576)?
-10
Let m(d) = -86237*d + 1034823. What is m(12)?
-21
Let s(a) = -a**3 + 110*a**2 - 1405*a - 4518. What is s(18)?
0
Let d(n) = -n**2 + 1631*n - 318706. What is d(227)?
2
Let b(x) = x**3 + 85*x**2 - 758*x + 12. Calculate b(-93).
1314
Let d(p) = -907*p - 10713. Calculate d(-13).
1078
Let z(i) = 5*i**3 + 59*i**2 + 471*i + 5800. Determine z(-12).
4
Let n(i) = -405566*i - 6894628. Give n(-17).
-6
Let j(s) = 3*s**2 + 451*s + 10521. Give j(-29).
-35
Let z(j) = 49*j**2 - 3351*j - 2223. Give z(69).
-153
Let k(j) = -2*j**3 - 124*j**2 + 95*j + 5926. What is k(-62)?
36
Let y(m) = -499*m + 18741. Calculate y(34).
1775
Let j(v) = -273*v - 11513. What is j(-41)?
-320
Let n(u) = u**3 + 155*u**2 - 1992*u + 2026. Calculate n(-167).
22
Let a(j) = 30924*j + 6277576. Calculate a(-203).
4
Let f(q) = -q**3 + 293*q**2 - 2292*q + 35. Give f(8).
-61
Let d(s) = s**3 + 31*s**2 - 109*s + 119. What is d(-35)?
-966
Let g(x) = -x**3 + 383*x**2 - 25360*x + 8926. Give g(298).
-14
Let m(u) = -272*u**2 - 392*u + 656. What is m(1)?
-8
Let u(q) = -201*q + 5747. What is u(29)?
-82
Let y(g) = -134*g - 5193. What is y(-45)?
837
Let u(d) = -4351*d - 265336. Calculate u(-61).
75
Let u(p) = -p**3 - 230*p**2 + 877*p + 267. What is u(4)?
31
Let q(b) = 7*b**3 + 112*b**2 + 40*b + 162. Determine q(-16).
-478
Let z(p) = -p**3 + 34*p**2 + 2*p - 2931. Give z(31).
14
Let g(d) = -212*d + 4033. What is g(20)?
-207
Let i(d) = 22382*d + 65958. Give i(-3).
-1188
Let t(c) = 168*c**2 + 5344*c - 1035. Give t(-32).
-11
Let x(m) = -3019*m + 1068742. Determine x(354).
16
Let w(c) = 136403*c - 272790. What is w(2)?
16
Let a(y) = -4*y**2 + 2140*y - 12764. Determine a(6).
-68
Let g(l) = l**3 - 1918*l**2 + 18978*l + 1018. Determine g(10).
-2
Let v(g) = g**3 - 32*g**2 + 58*g - 725. What is v(31)?
112
Let t(s) = -6*s**2 - 715*s - 20015. Give t(-74).
39
Let h(c) = -c**2 + 3814*c - 867759. Give h(243).
-6
Let c(b) = 7*b**3 + 1089*b**2 + 2192*b + 24. Determine c(-2).
-60
Let a(l) = l**3 - 32*l**2 - 218*l + 1177. Determine a(37).
-44
Let u(j) = 101*j**2 - 612*j + 20. Give u(6).
-16
Let d(i) = i**3 - 8*i**2 - 7*i + 35. Determine d(0).
35
Let c(y) = -y**3 - 80*y**2 - 1550*y + 23. Determine c(-33).
-10
Let g(j) = 2347*j + 30592. Determine g(-13).
81
Let d(p) = -p**2 - 1278*p - 26369. Give d(-21).
28
Let c(v) = v**2 - 238*v - 8377. What is c(-31)?
-38
Let o(x) = -x**3 + 52*x**2 - 2736*x + 122076. What is o(48)?
-36
Let y(a) = 958*a + 108302. Calculate y(-113).
48
Let u(x) = -x**3 - 18*x**2 - 15125*x - 90318. Calculate u(-6).
0
Let n(q) = q**2 - 17154*q + 3992639. Give n(236).
-9
Let n(d) = -15*d**2 + 38188*d - 228587. Give n(6).
1
Let n(i) = i**3 + 25*i**2 - 2240*i - 31328. Determine n(-13).
-180
Let m(d) = -119983*d - 1919732. Calculate m(-16).
-4
Let c(b) = -5*b**2 - 195*b - 1394. Determine c(-13).
296
Let b(n) = -760*n + 50179. What is b(66)?
19
Let y(s) = 9133*s - 26927. Give y(3).
472
Let a(h) = 464*h + 21046. Calculate a(-49).
-1690
Let r(a) = -138*a + 4964. What is r(41)?
-694
Let w(t) = 2*t**2 - 49174*t - 1772856. Determine w(-36).
0
Let u(s) = -628*s + 46181. Determine u(73).
337
Let q(h) = 25447*h - 356205. Calculate q(14).
53
Let x(a) = 8*a**3 - 2351*a**2 - 2653*a - 604. What is x(295)?
-14
Let j(b) = -249*b**3 - 990*b**2 + 20*b + 10. Give j(-4).
26
Let a(i) = -109*i**3 - 75*i**2 + 150*i - 7. Determine a(2).
-879
Let a(q) = 74*q + 9476. Calculate a(-131).
-218
Let l(u) = 1210*u + 5738. Determine l(-6).
-1522
Let l(b) = b**3 + 69*b**2 + 488*b + 44724. Give l(-71).
-6
Let r(d) = 67*d**2 + 251*d + 744. What is r(-3)?
594
Let x(y) = -745*y - 10577. Give x(-14).
-147
Let z(h) = -395*h - 6361. Calculate z(-16).
-41
Let r(d) = -d**3 - 26*d**2 - 37*d - 137. What is r(-7)?
-809
Let n(b) = -12*b**2 - 39560*b - 79096. Give n(-2).
-24
Let s(j) = -j**2 - 4999*j - 1889767. Give s(-412).
77
Let v(u) = 14*u**2 - 110*u + 363. Calculate v(3).
159
Let i(d) = 3*d**2 + 1653*d - 23733. What is i(14)?
-3
Let w(l) = l**3 + 23*l**2 + 120*l + 55. What is w(-19)?
-781
Let o(g) = 21919*g - 109621. Give o(5).
-26
Let j(z) = -13*z**2 + 296*z - 1120. Determine j(5).
35
Let x(q) = -13395*q - 53302. Give x(-4).
278
Let h(n) = -2*n**3 - 94*n**2 - 58*n + 1204. Give h(-46).
-360
Let b(k) = k**3 - 360*k**2 + 20522*k - 858. What is b(289)?
9
Let f(l) = -811*l - 604173. What is f(-745)?
22
Let x(a) = -26*a**2 + 719*a + 111. Give x(28).
-141
Let h(j) = -4*j**3 + 22*j**2 + 1338*j - 2729. Calculate h(2).
3
Let k(u) = 2387644*u - 33427003. Calculate k(14).
13
Let y(n) = n**2 - 437*n + 49118. Calculate y(196).
1882
Let c(t) = -t**3 + 176*t**2 + 10491*t - 2266. Determine c(223).
-36
Let h(f) = -4726*f - 70320. What is h(-15)?
570
Let q(i) = 3*i**2 - 2835*i - 17162. What is q(-6)?
-44
Let x(y) = 16*y**3 + 15*y**2 - 23*y - 16. Give x(-1).
6
Let k(m) = 8*m**2 + 315*m - 2504. Determine k(8).
528
Let d(u) = -156238*u + 2187322. Determine d(14).
-10
Let q(o) = -8*o**3 - 1260*o**2 - 21525*o + 407. What is q(-138)?
-7
Let s(j) = -3041*j - 14046. What is s(-4)?
-1882
Let y(l) = l**3 + 8*l**2 + 311*l + 3787. Give y(-11).
3
Let v(o) = 7*o**3 - 9*o**2 + 45*o + 13. Determine v(6).
1471
Let y(c) = -74*c**2 - 4639*c + 25039. What is y(5)?
-6
Let p(v) = 474*v - 3567. Calculate p(5).
-1197
Let c(b) = -6654*b**2 - 66567*b - 266. Calculate c(-10).
4
Let f(d) = -d**3 + 77*d**2 + 26139*d + 20710. What is f(205)?
5
Let a(k) = -19*k**2 - 345*k + 644. Calculate a(-20).
-56
Let c(m) = -3*m**3 - 5*m**2 - 47*m - 541. Calculate c(-5).
-56
Let u(z) = 82308*z + 1563853. Calculate u(-19).
1
Let h(j) = -2*j**2 - 99*j + 72. What is h(-50)?
22
Let o(i) = i**3 + 474*i**2 - 1068*i + 173152. Calculate o(-477).
1
Let w(d) = 955*d + 43317. What is w(-45)?
342
Let a(t) = -t**3 - 96*t**2 - 468*t - 1149. Calculate a(-91).
34
Let l(h) = -h**2 + 160*h - 5791. Determine l(33).
-1600
Let z(u) = -13*u - 4. Determine z(-1).
9
Let l(u) = -4082*u - 48994. Give l(-12).
-10
Let l(f) = 152*f**2 - 122686*f + 17752. What is l(807)?
-2
Let r(v) = v**2 + 953*v - 15455. What is r(16)?
49
Let k(b) = -7049*b - 105381. What is k(-15)?
354
Let t(u) = 3*u**3 + 599*u**2 + 2716*u - 2740. Give t(-195).
-10
Let d(a) = -a**2 - 2569*a + 49148. Give d(19).
-24
Let i(x) = 7*x**3 - 12*x**2 - 57*x + 335. Give i(7).
1749
Let n(g) = -5*g**3 + 36*g**2 + 316*g - 2475. Determine n(8).
-203
Let k(t) = 13*t**3 + 609*t + 3438. Determine k(-6).
-3024
Let i(n) = 92*n**2 + 8561*n + 266. What is i(-93)?
-199
Let f(i) = 89077*i - 624225. What is f(7)?
-686
Let c(s) = -s**3 + 162*s**2 - 1783*s - 2813. Determine c(150).
-263
Let n(i) = -33*i**2 - 60*i + 640. Give n(3).
163
Let a(j) = -31054*j + 1086889. What is a(35)?
-1
Let o(y) = -707*y + 5214. Determine o(6).
972
Let n(w) = -1063*w + 12747. Determine n(12).
-9
Let f(k) = -5*k**3 + 13*k**2 + 30*k + 52. Give f(-3).
214
Let l(w) = 2*w**3 + 133*w**2 + 199*w + 66. Determine l(-65).
-194
Let i(w) = -2*w**3 - 105*w**2 + 1038*w + 55. What is i(-61)?
-6
Let f(k) = 59*k**2 - 877*k - 86. Calculate f(15).
34
Let b(y) = -20*y**2 - 20158*y + 453158. Give b(22).
2
Let m(f) = 9*f**3 + 2*f**2 + 3509*f + 3508. Calculate m(-1).
-8
Let h(r) = r**3 - 101*r**2 + 2398*r - 1096. Calculate h(37).
14
L